e?
False
Let o(z) = 2*z - 6. Let l be o(4). Suppose l*r - 6 = -b + 1, -4*b - 3*r + 18 = 0. Suppose 4*h - 4*u - 26 = -b*u, 0 = 5*h + 4*u - 43. Is h composite?
False
Let r = 8 - 4. Suppose r*p = 374 - 18. Is p prime?
True
Suppose -3*w - b + 225 = 2*w, 2*b = 0. Suppose -l + w = -6*l. Is (1 - (0 + 2))*l prime?
False
Let c(w) = 77*w - 4. Suppose v - 2*v + 5 = 0. Is c(v) a composite number?
True
Suppose -2 = 5*k - 7. Is k*(2 - (-55 - -2)) prime?
False
Is -1*3 + (-6 - -1150) a prime number?
False
Suppose 0*b + 537 = 3*b. Is b a composite number?
False
Let q = 13 - 14. Is q/6 + (-4475)/(-30) a composite number?
False
Let b = -25 - -57. Suppose -b = 5*r - 462. Is r a prime number?
False
Let u = -16 + 21. Suppose 3*s = -f + 419, 0*s - u*f + 149 = s. Is s a prime number?
True
Let o = -155 + 99. Let y(q) = -q**3 + 8*q**2 + 9*q + 9. Let d be y(7). Let z = o + d. Is z composite?
True
Is (-58)/(9/(-7) - -1) composite?
True
Let q be 1/((-3)/6) - -5. Is (1 - q)/(4/(-42)) a prime number?
False
Let g(h) = -h - 3. Suppose -d - 2*v - 20 = 4*d, -4*d + v - 29 = 0. Let u be g(d). Suppose 94 + 80 = u*x. Is x a prime number?
False
Suppose 0 = 2*f - 5*b - 640 + 29, 3*b + 1518 = 5*f. Is f composite?
True
Suppose 4*l = u - 15, -5*u + 0*l + 18 = -l. Suppose 4*j - 14 = -u*n, 22 = 3*n - 0*n - 4*j. Let a(r) = 7*r**2 + 2*r - 5. Is a(n) composite?
True
Let m(r) = -651*r - 16. Is m(-3) composite?
True
Let a = -10 + 10. Suppose -5*v + 185 = -a*v. Is v composite?
False
Let f = 4156 + -2177. Is f a prime number?
True
Suppose 2*a + f - 3699 = 0, -2*a - 2*f + 5*f = -3679. Is a a composite number?
False
Let q(h) = -326*h - 11. Is q(-3) prime?
True
Let q be ((-3)/6)/(1/(-18)). Is ((-154)/8)/(q/(-36)) prime?
False
Let d(a) = 7*a + 371. Is d(0) a prime number?
False
Is (0 - -1)/(8/(-29248)*-4) a composite number?
True
Suppose 0 = -3*d + 15, 4*d = 2*q + 2*q - 2864. Is q composite?
True
Is 658/2 - 20/(-10) composite?
False
Let n(o) = -16*o - 11. Let u(c) = -3*c - 2. Let z(l) = 2*n(l) - 11*u(l). Let f be z(3). Suppose a = 6*a + v - 190, 2*v = -f*a + 121. Is a composite?
False
Let n(a) = 24*a + 11. Let y(u) = 47*u + 23. Let d(k) = 9*n(k) - 4*y(k). Is d(7) prime?
False
Suppose 0*c - 4*t - 6 = -3*c, -8 = -4*c + 3*t. Suppose 0 = -c*l - 3*y - 7, 0 = 5*l - y - 2*y - 35. Suppose -3*i = -l*i + 55. Is i a composite number?
True
Suppose 301 = 5*f - 69. Suppose 0 = 3*z - 0*z - 6. Suppose f + 24 = z*v. Is v a composite number?
True
Let s = -20 - -48. Let o = 6 + s. Is o prime?
False
Let x(h) = -h**2 + 1. Let p(j) = -j**3 + 4*j**2 + j + 32. Let o(d) = p(d) + 3*x(d). Let g be 2 + (1 - (-1 - -4)). Is o(g) prime?
False
Suppose 10*p + 85 = 6415. Is p a composite number?
True
Let r(k) = k + 3. Let t be r(3). Let l(b) = -2*b + b + 2*b + 1. Is l(t) a composite number?
False
Suppose -3*r = -8*r, 4*r + 6 = 3*h. Let j be 39/1*8/h. Suppose 2*m - 121 = 5*u, 2*m = -m - u + j. Is m a composite number?
False
Suppose -528 - 209 = -y. Is y a prime number?
False
Suppose 0 = 3*f - 747 - 2664. Is f composite?
True
Let y be (2 + 5)/(-1 - 0). Let o be (1 - 1)*(-5)/(-5). Let s = o - y. Is s a composite number?
False
Suppose 4*l - 10 = 5*c, -4*c + 18 = 4*l - 2*l. Suppose 0 = -c*o - 3*o + 355. Let r = o + -50. Is r prime?
False
Let t(x) = -x**3 - 3*x**2 - 4*x - 2. Let n = -4 - -5. Suppose 11 = -3*q + 2*b, q + n = -5*b + 3. Is t(q) a prime number?
False
Suppose 0 = 2*v - 8, 3*y = -y + 2*v. Suppose -3*b - r - 2*r = -1338, -y*b = -4*r - 874. Is b composite?
False
Let k be (1 - (1 - 2)) + 206. Let s = k - 111. Suppose -5*p + 58 + s = 0. Is p composite?
False
Let g = -2 - -2. Let x(l) = l**3 - 2*l + 1. Let b be x(1). Suppose b = 2*r - g*r - 30. Is r a prime number?
False
Is (-3)/(-7) + 57336/84 composite?
False
Let t = 207 - -27. Suppose -3*m - 3 = -t. Is m composite?
True
Let r(s) = s**2 + 6*s - 12. Is r(-23) a prime number?
True
Let l be (-2 + 7 + 0)*-1. Let h(q) = q**3 + 4*q**2 + 6*q + 5. Let s be h(l). Let v = s + 87. Is v composite?
False
Suppose -4*r + 17 - 5 = 0. Suppose -2*h - r*h + 30 = 0. Is h a prime number?
False
Suppose 0 = 4*p + 4, 3*g + 0*p - 2209 = -2*p. Is g composite?
True
Let k(a) = -a**3 + 11*a**2 - 7*a + 15. Let h be k(6). Let q = h - 84. Is q a prime number?
False
Let j = 6514 - 4632. Is j composite?
True
Suppose 0 = -p - 1, -a - 5*p + 15 = 3*a. Suppose 0 = -a*h - 4*u + 413, 0 = -h - 4*h - 5*u + 410. Is h composite?
True
Is (-1 - (979 + -1))/(3/(-3)) a prime number?
False
Is ((-3738)/(-12))/((-1)/(-2)) composite?
True
Suppose 6 = 4*z - 5*h, 5 - 1 = 2*z - 2*h. Suppose -a - 2*i = -187 - 324, -4*a + 2040 = z*i. Is a a composite number?
False
Let w(y) = 4*y**2 - 6*y - 7. Let p(t) = -t**2 + 3*t - 2. Let b be p(2). Let k be (-5 - 0)/(1 - b). Is w(k) composite?
True
Suppose -v + 38 = -5*y - 15, -3*y + 195 = 3*v. Let w = -54 - -118. Suppose w = g - v. Is g a composite number?
False
Let h(g) = -g**2 + g**3 + 2 + 4*g**2 + 1 + 1. Let w be h(5). Is ((-2)/(-2))/(6/w) prime?
False
Is 211/(-2 - -1 - -2) a composite number?
False
Let z(w) = -7 + 5*w - w + 5*w - 3*w. Is z(11) composite?
False
Suppose 3*m - 324 = -4*q, -q + 100 = -5*m + m. Suppose -j = 4*a - 231, 0 = a - 9*j + 4*j - q. Is a a composite number?
False
Suppose 5*q - 5*u + 3*u - 1099 = 0, -u + 445 = 2*q. Is q prime?
False
Suppose 4*l - 5*l = -3. Suppose 0*b - 2*b - 24 = -2*i, 0 = i + l*b + 8. Is i a composite number?
False
Suppose 5*u = -2*c + 126, 4*u - 196 = -5*c + 2*c. Let p = c + 59. Is p a prime number?
True
Suppose 4*w = -5*f + 2336 - 94, 0 = -3*w + 3*f + 1695. Is w a prime number?
True
Let c be -6*(3 - 2)/(-3). Let i be (-69)/(c/(-4)*3). Let v = -25 + i. Is v a prime number?
False
Suppose 2*t - 3 = 5. Is (10/t)/(3/18) prime?
False
Suppose z - 126 = -2*o, -o - 2*z + 126 = o. Let a = o - 38. Is a composite?
True
Let y be 1/(-2)*(0 - 6). Is 663/9 - (-1)/y a composite number?
True
Suppose -2*f - 2 - 1 = -3*q, -5*q + 9 = -2*f. Suppose 0*l = f*l - 153. Is l composite?
True
Let f(t) = -4*t - 30. Is f(-26) a prime number?
False
Suppose 218 - 750 = -4*z. Is z a prime number?
False
Suppose 0 = 2*h + h - 6. Suppose 0*x + 3*n = 2*x, -h*n = -2*x. Suppose -5*p + 2*p + 237 = x. Is p a prime number?
True
Let r(h) = 12*h - 5. Suppose 4*b + 3 - 27 = 0. Is r(b) composite?
False
Let o(g) = 3 + 7*g**2 + 5*g**2 - 3 - 6*g - g**3 + 3. Is o(8) composite?
False
Suppose -2*v + 4 = 2*b, -5*v - 5 = -0*v. Let x = -5 + 17. Let r = x - b. Is r a prime number?
False
Suppose -411 = -3*c + c + y, 5*c - y = 1026. Is c composite?
True
Let j(g) = g + 2. Suppose -2*d + d - 2 = 0. Let c be d/3 + 104/12. Is j(c) a prime number?
False
Suppose -a = f - 299, -299 = -0*f - f + 5*a. Is f composite?
True
Let f = 652 + -1071. Let x = -288 - f. Is x a composite number?
False
Let a = 2 - -9. Let l(f) = 6*f + 25. Is l(a) composite?
True
Let d = -2285 - -4132. Is d a composite number?
False
Suppose 1548 = 8*u - 748. Is u composite?
True
Suppose -4*h + 705 = 3*y, 2*h - 950 = -4*y - 0*h. Is y prime?
True
Let t = -5 + 17. Is t - 9 - (-109 + -1) a composite number?
False
Let t(s) = 16*s + 3. Suppose 0 = -2*v - 3*j - 5 - 4, 3*v - 4*j - 29 = 0. Suppose -r = -2*o + 3, 0 = v*r - 1 - 14. Is t(o) composite?
False
Let c = -1 + 1. Let t = 0 + c. Let m = 19 + t. Is m a composite number?
False
Suppose 29 - 14 = 5*k. Suppose 0*u - 5*f = -4*u + 168, k*u - 3*f = 129. Is u prime?
True
Let d be 6/(-4)*136/(-3). Suppose 4*i - d = -l + 3*i, -5*i + 273 = 4*l. Is l a prime number?
True
Let n(d) = d**2 - 2*d - 3. Let j be n(6). Let f = 93 - j. Let a = f + 17. Is a prime?
True
Suppose -4*c - c + 15 = 0. Suppose -6*g + 63 = -c*g. Is g prime?
False
Suppose w - 5 - 1 = 0. Suppose 0 = w*p - p. Suppose 3*r + r - 232 = p. Is r a prime number?
False
Suppose -2*w + 7 + 3 = 0. Suppose -10 = -w*x, -5*o + 4*x + 127 = 5*x. Is o a composite number?
True
Let x(p) = -11*p**3 - 7*p**2 - 10*p - 9. Is x(-4) a composite number?
True
Let b = 275 - 60. Is b composite?
True
Is -1 + (2 - 928/(-1)) a prime number?
True
Let z(p) = -8 + 6*p - 8*p - 20*p + 3. Is z(-7) composite?
False
Let u(o) = -36*o - 4. Let c be u(-6). Let p = -93 + c. Is p a composite number?
True
Let g be -40 + 0 + (-3 - -3). Let j = 59 + g. Is j composite?
False
Let h = -239 + -99. Let d = h - -493. Is d a composite number?
True
Let c = 15782 - 4983. Is c composite?
False
Let p = -10